 Give t(196).
-4
Let o(l) = -4729*l + 34138. Calculate o(6).
5764
Let t(b) = -2*b**3 + 20*b**2 - 18*b + 165. What is t(10)?
-15
Let f(w) = 5*w**3 - 59*w**2 + 169*w - 4521. Give f(14).
1
Let l(t) = -104950*t + 5037599. What is l(48)?
-1
Let r(i) = -122*i**2 - 99*i + 227. What is r(4)?
-2121
Let c(s) = s**3 + 8*s**2 - 2551*s - 2561. Determine c(-1).
-3
Let d(l) = 5969*l + 5092. Determine d(-1).
-877
Let p(v) = -10*v**2 + 894*v - 407. Give p(89).
-51
Let l(w) = -9983*w + 179716. What is l(18)?
22
Let z(q) = q**2 - 1854*q + 11044. Calculate z(6).
-44
Let n(r) = 3*r**3 + 96*r**2 + 1458*r + 51382. What is n(-33)?
1
Let m(a) = -13825*a - 152078. What is m(-11)?
-3
Let z(d) = 113*d**2 - 311*d - 1625. Calculate z(-5).
2755
Let i(n) = -n**3 - n**2 + 167*n - 166. Determine i(13).
-361
Let i(x) = -1646*x + 9170. Calculate i(6).
-706
Let m(o) = -o**3 + 30*o**2 - 2040*o + 25432. Determine m(14).
8
Let q(x) = 564*x + 6204. Calculate q(-14).
-1692
Let k(u) = -895965*u + 5375778. Determine k(6).
-12
Let m(x) = 2020*x + 59033. Determine m(-29).
453
Let x(r) = -1007*r - 101718. Determine x(-101).
-11
Let p(m) = -3*m**3 + 254*m**2 + 86*m - 54. Calculate p(85).
31
Let w(f) = -80*f**3 - 957*f**2 - 413*f - 5388. Calculate w(-12).
0
Let t(s) = -136*s**2 + 9776*s + 1087. What is t(72)?
-65
Let q(n) = n**2 - 106*n - 19101. Calculate q(199).
-594
Let c(h) = -h**3 - 22*h**2 - 214*h - 520. Determine c(-9).
353
Let o(m) = -m**3 - 47*m**2 + 954*m - 198. Determine o(-62).
-1686
Let m(s) = 248*s**3 - 38941*s**2 + 787*s - 316. Calculate m(157).
-2
Let k(j) = 574680*j + 4597440. Calculate k(-8).
0
Let n(p) = 2*p**3 - 2*p**2 - 93*p + 69. What is n(7)?
6
Let h(p) = -27968*p - 615298. What is h(-22)?
-2
Let g(j) = -3734*j + 38056. Calculate g(10).
716
Let x(s) = -273*s**3 + 260*s**2 + 24*s + 5. Give x(2).
-1091
Let w(v) = -1474*v - 68458. Give w(-47).
820
Let x(t) = 90*t**2 + 49*t + 58. Determine x(-3).
721
Let c(a) = -a**3 + 25*a**2 - 438*a + 3355. Give c(12).
-29
Let w(t) = 24373*t + 3412237. Calculate w(-140).
17
Let y(b) = -7904*b - 3390821. What is y(-429)?
-5
Let t(g) = 50*g**2 - 363*g + 14. Determine t(6).
-364
Let s(c) = -167*c**2 - 15429*c - 5973. What is s(-92)?
7
Let l(p) = -p**2 + 5536*p + 150206. Determine l(-27).
5
Let p(d) = -487*d - 2451. What is p(-6)?
471
Let q(l) = -l**2 + 17253*l - 344665. Give q(20).
-5
Let g(z) = z**3 + 228*z**2 + 5088*z + 2660. Calculate g(-203).
21
Let t(r) = -7*r**2 - 349*r + 49948. Give t(-113).
2
Let t(u) = 93*u - 1216. Calculate t(20).
644
Let y(m) = -40554*m - 405510. Determine y(-10).
30
Let j(k) = 4650*k + 292920. Determine j(-63).
-30
Let l(w) = 372*w - 1504. Determine l(5).
356
Let t(d) = -d**3 + 871*d**2 + 6752*d + 246116. Give t(879).
-4
Let l(b) = 80*b**3 + 1199*b**2 - 2*b + 58. What is l(-15)?
-137
Let w(q) = 74*q**3 + 5*q**2 + 49*q + 51. Calculate w(-1).
-67
Let l(j) = -j**3 + 45*j**2 - 132*j + 278. Determine l(42).
26
Let p(b) = b**3 - 50*b**2 - 46*b + 3728. Calculate p(9).
-7
Let c(i) = i**3 - 115*i**2 - 4*i + 424. What is c(115)?
-36
Let t(s) = -3*s**2 + 1744*s + 17599. What is t(-10)?
-141
Let t(b) = 22385*b + 246227. Give t(-11).
-8
Let s(t) = 24*t**3 - 179*t**2 + 695*t + 18. What is s(4)?
1470
Let w(x) = 197594*x - 197607. Give w(1).
-13
Let m(i) = i**2 + 458374*i - 4125514. Give m(9).
-67
Let x(l) = 84*l - 6904. Calculate x(61).
-1780
Let n(i) = -62*i + 618. Calculate n(31).
-1304
Let d(x) = -2*x**2 + 1468*x - 232895. Determine d(502).
33
Let o(p) = -455*p + 406. What is o(4)?
-1414
Let g(i) = 32*i**2 - 538*i + 2597. What is g(5)?
707
Let s(m) = 4*m**2 - 1031*m + 15395. Determine s(16).
-77
Let g(s) = -72*s**3 + 4905*s**2 - 622*s + 863. What is g(68)?
183
Let o(v) = 9*v - 601. Give o(-61).
-1150
Let h(j) = -12*j**2 - 7303*j + 32525. Give h(-613).
36
Let q(o) = -96175*o - 1442702. What is q(-15)?
-77
Let h(n) = 3405*n + 40. Calculate h(-1).
-3365
Let g(w) = -2551*w - 160593. What is g(-63)?
120
Let l(w) = w**2 + 13360*w - 26713. Give l(2).
11
Let g(m) = 2*m**3 - 86*m**2 + 389*m - 351. Calculate g(38).
-9
Let x(a) = -1402*a + 285920. Determine x(204).
-88
Let t(m) = -2*m**3 + 13*m**2 + 805*m + 79. What is t(-17)?
-23
Let x(j) = -j**2 + 4892*j - 63419. Give x(13).
8
Let b(n) = 41*n**2 - 2208*n - 649. Calculate b(54).
-325
Let k(x) = -2478*x - 371725. Determine k(-150).
-25
Let k(u) = 27333*u - 27330. Determine k(1).
3
Let t(w) = w**2 + 394*w + 11592. Calculate t(-32).
8
Let v(i) = i**3 - 101*i**2 - 676*i + 15460. Determine v(106).
-16
Let w(q) = -631*q + 73826. Calculate w(117).
-1
Let c(i) = 59*i**2 + 80*i + 25. Calculate c(-1).
4
Let l(b) = 270*b**2 - 635*b + 2. What is l(0)?
2
Let j(q) = -45*q - 96. What is j(15)?
-771
Let d(s) = -898*s - 29921. What is d(-35)?
1509
Let y(l) = 15654*l + 78278. Give y(-5).
8
Let g(r) = r**3 + 22*r**2 + 58*r + 1809. Calculate g(-20).
1449
Let g(q) = 4*q**2 + 102092*q - 306317. Give g(3).
-5
Let g(b) = b**2 + 40174*b + 441783. Determine g(-11).
-10
Let o(f) = 7*f**3 - 2487*f**2 - 11881*f + 248. What is o(360)?
-112
Let u(j) = -j**3 + 126*j**2 + 121*j - 308. What is u(127)?
-1070
Let q(r) = r**2 + 77*r + 830. Give q(-51).
-496
Let r(f) = -3*f**3 - 502*f**2 - 3934*f + 6512. Calculate r(-159).
-7
Let u(s) = -42*s + 494. Determine u(20).
-346
Let q(c) = -3*c**2 - 10*c - 125. Give q(0).
-125
Let y(f) = -f**3 - 280*f**2 + 176*f + 49290. Give y(-280).
10
Let c(k) = 2*k**2 + 888*k - 421634. Determine c(-732).
-2
Let v(r) = 23*r - 518. What is v(13)?
-219
Let u(j) = 8*j**3 - 41*j**2 - 176*j - 34. Calculate u(-5).
-1179
Let a(p) = 6*p**3 - 54*p**2 - 33*p + 85. Calculate a(1).
4
Let v(s) = -2*s**3 - 92*s**2 - 924*s - 42313. What is v(-46)?
191
Let j(k) = -16*k**2 - 2961*k + 15039. Determine j(-190).
29
Let m(r) = 4521*r + 1916912. Give m(-424).
8
Let b(x) = 468*x - 50070. Calculate b(107).
6
Let z(w) = -11*w**3 + 4038*w**2 - 366*w - 361. Give z(367).
6
Let c(n) = n**3 - 46*n**2 - 155*n - 433. Give c(49).
-825
Let p(s) = 194394*s - 194435. Calculate p(1).
-41
Let q(m) = 193*m + 7050. What is q(-37)?
-91
Let a(y) = -23*y + 1074. Give a(-4).
1166
Let m(n) = -155*n - 8908. Determine m(-64).
1012
Let o(l) = 9462*l - 113737. Determine o(12).
-193
Let u(f) = 1550*f - 13275. Determine u(10).
2225
Let t(o) = 320*o + 15234. Calculate t(-46).
514
Let o(d) = d**3 - 68*d**2 - 149*d - 933. Give o(70).
-1563
Let g(p) = -84*p**3 - 923*p**2 + 14*p + 23. Calculate g(-11).
-10
Let s(f) = 7326*f - 14638. What is s(2)?
14
Let u(j) = -8*j**2 - 344*j - 2462. What is u(-33)?
178
Let o(i) = 2*i**3 + 47*i**2 - 80*i - 1450. Calculate o(-24).
-106
Let x(w) = -290*w**3 + 128*w**2 - 245*w - 20. What is x(2)?
-2318
Let p(o) = o**3 + 20*o**2 - 723990*o - 13756166. Determine p(-19).
5
Let p(c) = 252*c**3 - 4*c**2 + c + 16. Give p(-2).
-2018
Let g(y) = -14815*y - 74088. Determine g(-5).
-13
Let h(z) = z**3 - 137*z**2 - 1237*z - 11240. What is h(146)?
2
Let k(q) = -3*q**2 - 5863*q + 239321. What is k(40)?
1
Let i(z) = 4*z**3 - 76*z**2 - 25*z + 892. Calculate i(19).
417
Let c(i) = -7*i**3 + 30*i**2 - 134*i + 779. What is c(5)?
-16
Let f(i) = 9628*i + 4034170. Calculate f(-419).
38
Let q(b) = -10*b**2 - 1854*b + 637. Determine q(-186).
-479
Let y(p) = 8360*p - 2917609. Give y(349).
31
Let v(x) = -x**3 - 226*x**2 - 261*x - 8154. Determine v(-225).
-54
Let k(s) = -4676*s - 4. Determine k(0).
-4
Let a(g) = -1023*g - 8023. What is a(-8)?
161
Let s(a) = -2*a**3 + 221*a**2 + 338*a - 154. Determine s(112).
70
Let n(y) = -6*y**2 - 163*y - 97. Calculate n(-26).
85
Let o(l) = -2*l**2 - 775*l - 14803. Calculate o(-20).
-103
Let p(k) = k**2 - 2048*k - 35204. Calculate p(-17).
-99
Let f(y) = -5*y**3 + 8*y**2 + 30*y - 15. Calculate f(-3).
102
Let y(r) = 1456*r - 72737. What is y(50)?
63
Let w(r) = 351*r + 1823. Calculate w(-5).
68
Let w(d) = -31*d**3 + d**2 - 2103*d + 2102. Determine w(1).
-31
Let w(o) = -3*o**3 + 65*o**2 - 108*o - 2124. What is w(9)?
-18
Let x(q) = -q**3 - 264*q**2 - 626*q - 95456. Calculate x(-263).
13
Let h(a) = -a**3 + 17*a**2 - 6*a - 539. Determine h(13).
59
Let u(z) = 5*z**2 - 579*z + 499. Give u(115).
39
Let j(h) = 18*h**3 + 203*h**2 + 415*h - 96. What is j(-3)?
0
Let m(n) = n**3 - 49*n**2 + 328*n + 419. Give m(42).
1847
Let k(d) = -1486*d**2 + 41623*d - 414. What is k(28)?
6
Let p(j) = j**3 + 100*j**2 + 1067*j. What is p